{"id":45,"date":"2019-02-22T12:01:20","date_gmt":"2019-02-22T11:01:20","guid":{"rendered":"http:\/\/et-consulting.info\/?page_id=45"},"modified":"2022-04-11T10:52:11","modified_gmt":"2022-04-11T08:52:11","slug":"impressum","status":"publish","type":"page","link":"https:\/\/et-consulting.info\/?page_id=45","title":{"rendered":"Impressum"},"content":{"rendered":"<div id='layer_slider_1'  class='avia-layerslider main_color avia-shadow  avia-builder-el-0  el_before_av_section  avia-builder-el-first  container_wrap sidebar_right'  style='height: 301px; max-width: 1010px; margin: 0 auto;'  ><\/div>\n<div id='av_section_1'  class='avia-section av-24dmi-181d2efc064711fcc79fe72d20913ad1 main_color avia-section-default avia-no-border-styling  avia-builder-el-1  el_after_av_layerslider  avia-builder-el-last  avia-bg-style-scroll container_wrap sidebar_right'  ><div class='container av-section-cont-open' ><div class='template-page content  av-content-small alpha units'><div class='post-entry post-entry-type-page post-entry-45'><div class='entry-content-wrapper clearfix'>\n\n<style type=\"text\/css\" data-created_by=\"avia_inline_auto\" id=\"style-css-av-1fonq-34f24bfa01f5c1cec7ebb871309bf86f\">\n.flex_column.av-1fonq-34f24bfa01f5c1cec7ebb871309bf86f{\n-webkit-border-radius:0px 0px 0px 0px;\n-moz-border-radius:0px 0px 0px 0px;\nborder-radius:0px 0px 0px 0px;\npadding:0px 0px 0px 0px;\n}\n<\/style>\n<div class='flex_column av-1fonq-34f24bfa01f5c1cec7ebb871309bf86f av_one_full  avia-builder-el-2  avia-builder-el-no-sibling  first flex_column_div av-zero-column-padding '     ><p>\n<style type=\"text\/css\" data-created_by=\"avia_inline_auto\" id=\"style-css-av-av_heading-e577d9ffe6ca9c43b36d2741e14efd05\">\n#top .av-special-heading.av-av_heading-e577d9ffe6ca9c43b36d2741e14efd05{\npadding-bottom:10px;\n}\nbody .av-special-heading.av-av_heading-e577d9ffe6ca9c43b36d2741e14efd05 .av-special-heading-tag .heading-char{\nfont-size:25px;\n}\n.av-special-heading.av-av_heading-e577d9ffe6ca9c43b36d2741e14efd05 .av-subheading{\nfont-size:15px;\n}\n<\/style>\n<div  class='av-special-heading av-av_heading-e577d9ffe6ca9c43b36d2741e14efd05 av-special-heading-h1 blockquote modern-quote  avia-builder-el-3  el_before_av_textblock  avia-builder-el-first '><h1 class='av-special-heading-tag'  itemprop=\"headline\"  >Impressum<\/h1><div class=\"special-heading-border\"><div class=\"special-heading-inner-border\"><\/div><\/div><\/div><br \/>\n\n<style type=\"text\/css\" data-created_by=\"avia_inline_auto\" id=\"style-css-av-3n6m-d30a35aa56b68c9c4534f87b366a21d9\">\n#top .av_textblock_section.av-3n6m-d30a35aa56b68c9c4534f87b366a21d9 .avia_textblock{\nfont-size:11px;\n}\n<\/style>\n<section  class='av_textblock_section av-3n6m-d30a35aa56b68c9c4534f87b366a21d9'  itemscope=\"itemscope\" itemtype=\"https:\/\/schema.org\/CreativeWork\" ><div class='avia_textblock'  itemprop=\"text\" ><div class=\"tinymcewysiwyg\">\n<p><strong>Angaben gem\u00e4\u00df \u00a7 5 TMG:<br \/>\n<\/strong><br \/>\nE&amp;T Consulting<br \/>\nInh.: Kerstin M\u00fcller<br \/>\nHopener Weg 12<br \/>\n45549 Sprockh\u00f6vel<\/p>\n<p>Finanzamt Hattingen<br \/>\nSteuernummer : 323 \/ 5074 \/ 3872<br \/>\nSteuer ID : 89 092 467 351<\/p>\n<p>Office:\u00a0\u00a0\u00a0\u00a0 0049 2324 38 78 927<br \/>\nTelefax:\u00a0 0049 2324 38 77 193<br \/>\nMobil :\u00a0\u00a0\u00a0 0049 177 828 08 46<\/p>\n<p>E Mail: <a href=\"mailto:info@et-consulting.info\">info@et-consulting.info<\/a><br \/>\nQuellenangaben f\u00fcr die verwendeten Bilder und Grafiken: <a title=\"fotolia\" href=\"http:\/\/www.footlia.de\" target=\"_blank\" rel=\"noopener noreferrer\">http:\/\/www.footlia.de<\/a>, <a title=\"pixabay\" href=\"http:\/\/pixabay.com\" target=\"_blank\" rel=\"noopener noreferrer\">http:\/\/pixabay.com<\/a><\/p>\n<p>Quelle: <a href=\"http:\/\/www.e-recht24.de\" target=\"_blank\" rel=\"noopener noreferrer\">http:\/\/www.e-recht24.de, Impressum Generator<\/a><\/p>\n<p>Website und Betreuung: <a title=\"unitad werbeagentur\" href=\"http:\/\/www.unitad.de\" target=\"_blank\" rel=\"noopener noreferrer\">unitad werbeagentur, Bochum<\/a><\/p>\n<h3>Haftungsausschluss:<\/h3>\n<p><strong>Haftung f\u00fcr Inhalte<\/strong><br \/>\nDie Inhalte unserer Seiten wurden mit gr\u00f6\u00dfter Sorgfalt erstellt. F\u00fcr die Richtigkeit, Vollst\u00e4ndigkeit und Aktualit\u00e4t der Inhalte k\u00f6nnen wir jedoch keine Gew\u00e4hr \u00fcbernehmen. Als Diensteanbieter sind wir gem\u00e4\u00df \u00a7 7 Abs.1 TMG f\u00fcr eigene Inhalte auf diesen Seiten nach den allgemeinen Gesetzen verantwortlich. Nach \u00a7\u00a7 8 bis 10 TMG sind wir als Diensteanbieter jedoch nicht verpflichtet, \u00fcbermittelte oder gespeicherte fremde Informationen zu \u00fcberwachen oder nach Umst\u00e4nden zu forschen, die auf eine rechtswidrige T\u00e4tigkeit hinweisen. Verpflichtungen zur Entfernung oder Sperrung der Nutzung von Informationen nach den allgemeinen Gesetzen bleiben hiervon unber\u00fchrt. Eine diesbez\u00fcgliche Haftung ist jedoch erst ab dem Zeitpunkt der Kenntnis einer konkreten Rechtsverletzung m\u00f6glich. Bei Bekanntwerden von entsprechenden Rechtsverletzungen werden wir diese Inhalte umgehend entfernen.<\/p>\n<p><strong>Haftung f\u00fcr Links<\/strong><br \/>\nUnser Angebot enth\u00e4lt Links zu externen Webseiten Dritter, auf deren Inhalte wir keinen Einfluss haben. Deshalb k\u00f6nnen wir f\u00fcr diese fremden Inhalte auch keine Gew\u00e4hr \u00fcbernehmen. F\u00fcr die Inhalte der verlinkten Seiten ist stets der jeweilige Anbieter oder Betreiber der Seiten verantwortlich. Die verlinkten Seiten wurden zum Zeitpunkt der Verlinkung auf m\u00f6gliche Rechtsverst\u00f6\u00dfe \u00fcberpr\u00fcft. Rechtswidrige Inhalte waren zum Zeitpunkt der Verlinkung nicht erkennbar. Eine permanente inhaltliche Kontrolle der verlinkten Seiten ist jedoch ohne konkrete Anhaltspunkte einer Rechtsverletzung nicht zumutbar. Bei Bekanntwerden von Rechtsverletzungen werden wir derartige Links umgehend entfernen.<\/p>\n<p><strong>Urheberrecht<\/strong><br \/>\nDie durch die Seitenbetreiber erstellten Inhalte und Werke auf diesen Seiten unterliegen dem deutschen Urheberrecht. Die Vervielf\u00e4ltigung, Bearbeitung, Verbreitung und jede Art der Verwertung au\u00dferhalb der Grenzen des Urheberrechtes bed\u00fcrfen der schriftlichen Zustimmung des jeweiligen Autors bzw. Erstellers. Downloads und Kopien dieser Seite sind nur f\u00fcr den privaten, nicht kommerziellen Gebrauch gestattet. Soweit die Inhalte auf dieser Seite nicht vom Betreiber erstellt wurden, werden die Urheberrechte Dritter beachtet. Insbesondere werden Inhalte Dritter als solche gekennzeichnet. Sollten Sie trotzdem auf eine Urheberrechtsverletzung aufmerksam werden, bitten wir um einen entsprechenden Hinweis. Bei Bekanntwerden von Rechtsverletzungen werden wir derartige Inhalte umgehend entfernen.<\/p>\n<\/div>\n<\/div><\/section><\/p><\/div><\/div><\/div><\/div><!-- close content main div --><\/div><\/div><div id='after_section_1'  class='main_color av_default_container_wrap container_wrap sidebar_right'  ><div class='container av-section-cont-open' ><div class='template-page content  av-content-small alpha units'><div class='post-entry post-entry-type-page post-entry-45'><div class='entry-content-wrapper clearfix'>\n","protected":false},"excerpt":{"rendered":"","protected":false},"author":1,"featured_media":0,"parent":0,"menu_order":82,"comment_status":"closed","ping_status":"closed","template":"","meta":[],"_links":{"self":[{"href":"https:\/\/et-consulting.info\/index.php?rest_route=\/wp\/v2\/pages\/45"}],"collection":[{"href":"https:\/\/et-consulting.info\/index.php?rest_route=\/wp\/v2\/pages"}],"about":[{"href":"https:\/\/et-consulting.info\/index.php?rest_route=\/wp\/v2\/types\/page"}],"author":[{"embeddable":true,"href":"https:\/\/et-consulting.info\/index.php?rest_route=\/wp\/v2\/users\/1"}],"replies":[{"embeddable":true,"href":"https:\/\/et-consulting.info\/index.php?rest_route=%2Fwp%2Fv2%2Fcomments&post=45"}],"version-history":[{"count":13,"href":"https:\/\/et-consulting.info\/index.php?rest_route=\/wp\/v2\/pages\/45\/revisions"}],"predecessor-version":[{"id":265,"href":"https:\/\/et-consulting.info\/index.php?rest_route=\/wp\/v2\/pages\/45\/revisions\/265"}],"wp:attachment":[{"href":"https:\/\/et-consulting.info\/index.php?rest_route=%2Fwp%2Fv2%2Fmedia&parent=45"}],"curies":[{"name":"wp","href":"https:\/\/api.w.org\/{rel}","templated":true}]}}